 13 - (-4 + 0) - -8.
6
What is -7 + (1 - 14 - -14)?
-6
Calculate (10 - 6) + -28 + 10 + -5 + 5.
-14
What is 3 + 17 + -7 + -4 + 9?
18
What is -3 + 15 + (4 - (-7 - -20))?
3
What is -10 - (-38 + 0 + 22 + -11)?
17
Evaluate -14 + 24 - 2 - -4.
12
4 + 2 + -25 + 22
3
What is the value of (13 + -27 - -4 - -12) + -28?
-26
What is -7 + (-20 - -16) - (-11 + 31)?
-31
(-2 + 9 - 15) + 10 + -13
-11
Evaluate -52 - -11 - (42 - 121).
38
5 + 6 + -4 + -7 + 6
6
Evaluate -10 + ((0 - 2) + (30 - 34) - -52).
36
Calculate (-61 - (13 + -46)) + 12.
-16
Evaluate (-15 - (-5 + -9)) + (12 - (3 + 0)).
8
-31 + 8 - -10 - ((2 - 0) + -2)
-13
What is -20 - -30 - (-23 + -2 + 8)?
27
What is -30 - 9 - 21 - -39?
-21
(0 - (-4 + 1) - 9) + (58 - 35)
17
24 + (-5 + (4 + 3 - 6) - 0)
20
What is the value of (27 - 22 - (8 + -4 - 3)) + 1?
5
4 - ((2 + 9 - 5) + -1 + -4)
3
What is -13 - ((-11 + 16 - 19) + 6)?
-5
Evaluate -57 + -13 + 21 - -1 - -9.
-39
What is -26 - -41 - 17 - 20?
-22
Evaluate -1 + 11 - (51 + -72).
31
What is the value of 4 + -35 - (-25 - 4)?
-2
Evaluate -4 + (21 - (4 + (7 - 1) + 1)).
6
Evaluate -36 - (-7 - 23) - -21.
15
What is the value of (4 - -4) + -2 - (1 + 7)?
-2
Evaluate -16 - ((13 - 32) + 4).
-1
Calculate (-3 - -16) + -2 - 23.
-12
Evaluate -8 + (60 + -33 - (-1 - -5)).
15
Evaluate 23 - (-4 - (-4 - 19)) - (-17 - -2).
19
Evaluate -8 - 1 - ((1 - 15) + 304 + -296).
-3
Evaluate -44 + 2 + 13 - -17.
-12
What is the value of (-9 - (-1 - -3)) + (6 - 3)?
-8
Calculate -3 + 3 + (-5 - -4).
-1
What is the value of (-6 - -5) + (-7 - (-10 - -11))?
-9
What is the value of 29 - 13 - 21 - 2?
-7
What is the value of (10 + 1 - 6) + -6?
-1
Evaluate -17 + 0 - (543 + -524).
-36
-2 + 3 + (-3 - 25) + 24
-3
What is 0 + (1 - (-4 + 7)) + 0 - -10?
8
What is 47 + (-29 - -1) + -47?
-28
(-6 - -1) + (9 - (8 - 5)) + -17
-16
-9 - (6 + (-4 - 6 - -2))
-7
What is (7 + 18 - 3) + 5 + (0 - 3)?
24
What is (-25 - -19) + 5 + -1 + 7 + -16?
-11
Evaluate (6 - -4) + (8 - 13 - -12) + -4.
13
Evaluate -31 - (12 + -19) - -11.
-13
Calculate -15 - ((17 - 22) + 4 + -30).
16
Evaluate -6 - (-38 + 3 + 1 + (3 - 5)).
30
What is the value of 0 + -3 + 1 + 19 + -10 + -6?
1
What is the value of 3 + 1 + -11 + -7 + 11 - -6?
3
(-125 - -133) + (-7 - 3 - -1)
-1
What is 23 + (656 - 664 - (1 + -1 + -7))?
22
Evaluate 2 + 9 + (1 - (-7 + -5 + 8)).
16
Evaluate -11 + 11 + (15 - 17).
-2
Calculate (59 - 64) + (3 + -2 - -4).
0
Calculate 0 + -29 + -338 + 348.
-19
What is 26 + (14 - (14 - -14))?
12
9 + (-5 - (6 + -8)) + -15
-9
Calculate -30 + (14 - 17) + (0 - -1).
-32
Evaluate -6 + (-1 - 20) + 11.
-16
What is the value of (1 - (-3 + 27)) + 10?
-13
(105 - 88 - 29) + (-3 - (-1 - -1))
-15
Evaluate 3 + (-20 - -41) + -26.
-2
What is 15 + (-24 - 31) + 10?
-30
Calculate (-9 - 0) + (-5 - -11 - -22).
19
Calculate 30 - 26 - ((-6 - 7) + 7).
10
Evaluate -4 + -15 + (-10 - -13 - -2).
-14
What is -10 - -1 - (-428 - -399)?
20
Calculate -8 + 1 - (59 + -96) - (1 + 3).
26
What is (-6 - (0 + 0)) + (1341 - 1345)?
-10
(-5 - -6) + -11 + -16 + 58
32
Calculate 10 + (-13 - -1) + 2 + -4.
-4
Evaluate 0 - -7 - (7 + -4) - -1.
5
What is (3 - -4) + 4 + (-9 + 8 - -12)?
22
-67 + 136 + -47 - (0 - -3)
19
Evaluate 59 + -75 + (25 - (-1 + 4)).
6
-1 + -8 + -11 - -26
6
Evaluate 18 - (1 + 42 - (-14 + 5)).
-34
What is the value of (16 - (-39 + 72)) + (-1 - -38)?
20
Evaluate -4 - (-20 - -12) - 5.
-1
Calculate -3 + -1 - (7 + 7 - 27).
9
Calculate (1 - 34) + (11 - (7 + (-12 - -17))).
-34
What is (-19 + 1 - 8) + 10 + -1?
-17
What is the value of (-17 - -17) + 26 + (-3 - -7) + 0?
30
What is the value of 11 + -21 - -8 - (3 + -10)?
5
What is 3 + 0 - (-33 - (7 - 42))?
1
Evaluate (5 - 3 - (3 - 6)) + -7 - -6.
4
What is the value of 24 + -6 + 23 + -24?
17
-4 + -7 + 2 - (-24 + 12 + 6)
-3
Evaluate -5 + 18 + (24 - (41 - 21)).
17
Evaluate 60 + -29 + 2 + -16.
17
-7 + (2 - 8) + -51 + 79
15
Evaluate 5 + (0 - (-2 - -1)) + 5.
11
What is (-9 + -2 - -2) + (4 + -10 - 2)?
-17
What is the value of -31 - (9 - (-19 - -40))?
-19
Calculate -7 - ((-4 - -3) + 8 + 0 + -4).
-10
What is the value of (-32 - -32) + (-29 - -3 - -4 - 4)?
-26
What is the value of 5 - (2 + 17 + -13)?
-1
What is -416 + 428 + (-16 - 1)?
-5
Evaluate 5 + 11 + -5 + 2.
13
What is the value of -9 + (-3 - -4) + 13 + (0 - -3)?
8
Calculate -8 + -2 + 5 - (1 + -19) - 6.
7
What is -6 + -8 + 1 + (-32 - (-11 - 17))?
-17
What is the value of (14 - (-2 - -5)) + -24 - -9?
-4
Evaluate -2 - ((5 - (-6 - -3)) + 2) - 5.
-17
Calculate 2 + (10 - 13) + -8 - 12.
-21
What is the value of 22 - (25 + -22 + 21) - (1 - 7)?
4
Calculate 298 + -260 + 3 + 1 + -11.
31
What is the value of 20 + -7 + (-17 - 0)?
-4
Evaluate -32 + -3 + (6 - (-21 - -32)) + 8.
-32
What is the value of 3 - (-26 + 21) - (3 + -29 + -3)?
37
Calculate 15 - 4 - 9 - (-2 - 6).
10
What is the value of 4 + (17 - (17 + 9))?
-5
What is the value of (-24 - (-36 - -19)) + (2 - 1)?
-6
3 + (-5 - -10) + -16
-8
What is 14 - 20 - ((-13 - (-1 + -3)) + 4)?
-1
What is (6 - ((10 - 0 - -4) + -7)) + -6?
-7
Evaluate (-10 - (0 - (-10 + 11))) + 23.
14
What is -12 + 20 + -29 + -6?
-27
What is the value of 15 + (2 - (6 - (7 + -1 + 2)))?
19
Evaluate (17 - (-27 + -14)) + -31.
27
What is the value of 84 + -74 - (4 + -10)?
16
1 + -2 + 9 + (-74 - -13) + 61
8
Calculate (-4 - 7) + (7 - 10) + 19.
5
What is the value of (-5 + (0 - -13) - 2) + 23?
29
What is the value of 0 - -1 - (-1 + (1 - -5))?
-4
Evaluate (-5 - -25 - -11) + -32.
-1
What is 9 + 9 + 14 + -15 + -12?
5
Evaluate -9 - (18 - (2 + (-6 - -15))).
-16
What is 18 - 17 - (14 + 4 + -4)?
-13
What is 3 + (-4 - -6 - 7) - (-13 - -19)?
-8
Calculate -6 + -11 + 23 + 3.
9
What is the value of -9 + -1 + 20 - (4 + 3)?
3
Evaluate -24 - (0 + 0) - 1.
-25
What is the value of 16 + (-1 - 1 - 8) - (-5 - 2)?
13
(-3 - -4 - -1) + 7 + -1 + -3
5
(-14 - -5) + 1 + 8 + 1
1
What is 11 + -2 - (27 - 18) - (30 + -9)?
-21
Calculate -36 + 11 - -9 - 1.
-17
Calculate 4 + (-4 - -14) + 7.
21
Evaluate 10 - ((24 - 14) + -15).
15
Evaluate -121 + 114 - (1 + 5 + 3).
-16
What is the value of 455 + -437 - (8 - 0)?
10
Evaluate -7 + 24 - 13 - 4.
0
What is the value of -26 + 4 + -21 + 32?
-11
What is the value of -70 + -47 + 129 - (-1 - -12)?
1
(-10 + 18 - 11) + -10
-13
Evaluate (-13 - -1 - (-1 + -2)) + (62 - 68).
-15
What is -3 - ((22 - 22) + (0 - -1) - -3)?
-7
What is (-7 + -12 + 8 - -11) + -5?
-5
What is -10 - (3 + (2 - 2) - (-5 - -13))?
-5
6 - (38 + (-7 - (12 + -8)))
-21
What is (-117 + 119 - (15 + 1)) + 33?
19
Calculate 21 + (-8 - (0 - -1 - -1)).
11
What is the value of -40 - -15 - (18 + -21)?
-22
What is -7 - (-15 + 15 - (19 - 3))?
9
What is the value of -1 + 9 + -26 + (6 + -3 - 1)?
-16
Evaluate 1 - -4 - (-66 - -66).
5
What is -9 + -1 + -2 - -16?
4
Calculate 6 + 0 - (0 + 5 + 5 + -5).
1
Evaluate -3 - -8 - -1 - 11.
-5
What is (-38 + 27 - (2 + 3)) + -8?
-24
(-1 + -10 - (-12 + 2 + 20)) + 10
-11
What is (0 - 0) + (3 - (8 - 6)) - -5?
6
What is the value of (7 - 1) + (30 - -26) + -42?
20
(4 - (-1 + 13)) + 9 + 1
2
-6 + (11 + -8 - -2) + 2
1
-18 + (19 - 36) - -57
22
Calculate -23 + 6 - 10 - -16.
-11
Calculate -3 + 1 - ((-3 - (1 + 23)) + 7).
18
Evaluate -10 + -2 - 1 - -10 - (-3 - 20).
20
Calculate (0 - 17) + 22 + (-1 - 27).
-23
(-2 - -6) + 18 + (-4 - 4)
14
Calculate 7 + 17 + -20 + -19.
-15
What is the value of -39 + 17 + 21 - (-9 - 1)?
9
What is -16 + 5 + 38 + -9 + 14?
32
What is the value of (77 + -77 - (1 + 1 + 1)) + 4?
1
-335 - -371 - (33 + -3)
6
Evaluate (-1 - 8) + 17 + -18.
-10
What is the value of -2 + -9 - (-6 + -1 + -30 + 32)?
-6
Evaluate -13 + 20 + -28 - -13.
-8
8 + -33 + (22 - -12) + -18
-9
Evaluate -46 + 60 - (-2 + 19).
-3
Calculate (-25 + 9 - -6) + -13.
-23
What is -4 + 1 - (33 + 0 - 24)?
-12
Evaluate 54 + -8 - 16 - (5 + 6).
19
Evaluate -9 - (-5 - -16) - (-4 + 8 + -7).
-17
What is the value of (-9 - 6) + 5 - -27 - 3?
14
(0 - -1) + (-49 - -48)
0
What is the value of 9 - (5 + -4 + (0 - 7))?
15
Calculate -2 - (-5 - -8) - (-7 - (13 - 17)).
-2
Evaluate (44 - -6 - 17) + -15.
18
What is the value of -13 - -28 - 14 - (-14 + -2 + 8)?
9
What is the value of (13 + -8 - 20) + 13 + -24?
-26
-7 + -9 + 5 - -22
11
(-2 - (2 + -8) - -7) + -5
6
What is (11 - 5) + 6 - 1 - 10?
1
What is 10 + -1 + (22 - 8)?
23
Calculate 2 + (-10 - -26 - 32 - -17).
3
Evaluate -2 + 2 - (37 + -26 + -13).
2
-3 + (2 - (-10 - 4)) + 0
13
Evaluate (14 - 1) + (94 - 118).
-11
W